[INFO] cloning repository https://github.com/softprops/johan
[INFO] running `Command { std: "git" "-c" "credential.helper=" "-c" "credential.helper=/workspace/cargo-home/bin/git-credential-null" "clone" "--bare" "https://github.com/softprops/johan" "/workspace/cache/git-repos/https%3A%2F%2Fgithub.com%2Fsoftprops%2Fjohan", kill_on_drop: false }`
[INFO] [stderr] Cloning into bare repository '/workspace/cache/git-repos/https%3A%2F%2Fgithub.com%2Fsoftprops%2Fjohan'...
[INFO] running `Command { std: "git" "rev-parse" "HEAD", kill_on_drop: false }`
[INFO] [stdout] c2fb62570bbcc377ae7dc3efe794ef7cb5b06563
[INFO] checking softprops/johan against try#72f88fc4e9458f89516a0b8b0868f3718aec5b47 for pr-74989
[INFO] running `Command { std: "git" "clone" "/workspace/cache/git-repos/https%3A%2F%2Fgithub.com%2Fsoftprops%2Fjohan" "/workspace/builds/worker-6/source", kill_on_drop: false }`
[INFO] [stderr] Cloning into '/workspace/builds/worker-6/source'...
[INFO] [stderr] done.
[INFO] validating manifest of git repo https://github.com/softprops/johan on toolchain 72f88fc4e9458f89516a0b8b0868f3718aec5b47
[INFO] running `Command { std: "/workspace/cargo-home/bin/cargo" "+72f88fc4e9458f89516a0b8b0868f3718aec5b47" "read-manifest" "--manifest-path" "Cargo.toml", kill_on_drop: false }`
[INFO] started tweaking git repo https://github.com/softprops/johan
[INFO] finished tweaking git repo https://github.com/softprops/johan
[INFO] tweaked toml for git repo https://github.com/softprops/johan written to /workspace/builds/worker-6/source/Cargo.toml
[INFO] crate git repo https://github.com/softprops/johan already has a lockfile, it will not be regenerated
[INFO] running `Command { std: "/workspace/cargo-home/bin/cargo" "+72f88fc4e9458f89516a0b8b0868f3718aec5b47" "fetch" "--locked" "--manifest-path" "Cargo.toml", kill_on_drop: false }`
[INFO] [stderr] error: the lock file /workspace/builds/worker-6/source/Cargo.lock needs to be updated but --locked was passed to prevent this
[INFO] [stderr] If you want to try to generate the lock file without accessing the network, use the --offline flag.
[INFO] the lockfile is outdated, regenerating it
[INFO] running `Command { std: "/workspace/cargo-home/bin/cargo" "+72f88fc4e9458f89516a0b8b0868f3718aec5b47" "generate-lockfile" "--manifest-path" "Cargo.toml" "-Zno-index-update", kill_on_drop: false }`
[INFO] running `Command { std: "/workspace/cargo-home/bin/cargo" "+72f88fc4e9458f89516a0b8b0868f3718aec5b47" "fetch" "--locked" "--manifest-path" "Cargo.toml", kill_on_drop: false }`
[INFO] [stderr]  Downloading crates ...
[INFO] [stderr]   Downloaded atty v0.1.2
[INFO] [stderr]   Downloaded handlebars v0.16.1
[INFO] [stderr]   Downloaded itertools v0.4.19
[INFO] [stderr]   Downloaded serde_json v0.7.4
[INFO] running `Command { std: "docker" "create" "-v" "/var/lib/crater-agent-workspace/builds/worker-6/target:/opt/rustwide/target:rw,Z" "-v" "/var/lib/crater-agent-workspace/builds/worker-6/source:/opt/rustwide/workdir:ro,Z" "-v" "/var/lib/crater-agent-workspace/cargo-home:/opt/rustwide/cargo-home:ro,Z" "-v" "/var/lib/crater-agent-workspace/rustup-home:/opt/rustwide/rustup-home:ro,Z" "-e" "SOURCE_DIR=/opt/rustwide/workdir" "-e" "CARGO_TARGET_DIR=/opt/rustwide/target" "-e" "CARGO_HOME=/opt/rustwide/cargo-home" "-e" "RUSTUP_HOME=/opt/rustwide/rustup-home" "-w" "/opt/rustwide/workdir" "-m" "1610612736" "--user" "0:0" "--network" "none" "rustops/crates-build-env@sha256:d92eaeed33fa75130ca1ee6c8a01d1ffb62bac859dfdfb3450e3e5d1c0146529" "/opt/rustwide/cargo-home/bin/cargo" "+72f88fc4e9458f89516a0b8b0868f3718aec5b47" "metadata" "--no-deps" "--format-version=1", kill_on_drop: false }`
[INFO] [stdout] d82f0c7f8fd368bad3c16ca9b89b752214368ab12b23ee56d392f752179ab371
[INFO] [stderr] WARNING: Your kernel does not support swap limit capabilities or the cgroup is not mounted. Memory limited without swap.
[INFO] running `Command { std: "docker" "start" "-a" "d82f0c7f8fd368bad3c16ca9b89b752214368ab12b23ee56d392f752179ab371", kill_on_drop: false }`
[INFO] running `Command { std: "docker" "inspect" "d82f0c7f8fd368bad3c16ca9b89b752214368ab12b23ee56d392f752179ab371", kill_on_drop: false }`
[INFO] running `Command { std: "docker" "rm" "-f" "d82f0c7f8fd368bad3c16ca9b89b752214368ab12b23ee56d392f752179ab371", kill_on_drop: false }`
[INFO] [stdout] d82f0c7f8fd368bad3c16ca9b89b752214368ab12b23ee56d392f752179ab371
[INFO] running `Command { std: "docker" "create" "-v" "/var/lib/crater-agent-workspace/builds/worker-6/target:/opt/rustwide/target:rw,Z" "-v" "/var/lib/crater-agent-workspace/builds/worker-6/source:/opt/rustwide/workdir:ro,Z" "-v" "/var/lib/crater-agent-workspace/cargo-home:/opt/rustwide/cargo-home:ro,Z" "-v" "/var/lib/crater-agent-workspace/rustup-home:/opt/rustwide/rustup-home:ro,Z" "-e" "SOURCE_DIR=/opt/rustwide/workdir" "-e" "CARGO_TARGET_DIR=/opt/rustwide/target" "-e" "CARGO_INCREMENTAL=0" "-e" "RUST_BACKTRACE=full" "-e" "RUSTFLAGS=--cap-lints=forbid" "-e" "CARGO_HOME=/opt/rustwide/cargo-home" "-e" "RUSTUP_HOME=/opt/rustwide/rustup-home" "-w" "/opt/rustwide/workdir" "-m" "1610612736" "--user" "0:0" "--network" "none" "rustops/crates-build-env@sha256:d92eaeed33fa75130ca1ee6c8a01d1ffb62bac859dfdfb3450e3e5d1c0146529" "/opt/rustwide/cargo-home/bin/cargo" "+72f88fc4e9458f89516a0b8b0868f3718aec5b47" "check" "--frozen" "--all" "--all-targets" "--message-format=json", kill_on_drop: false }`
[INFO] [stdout] 6edf9dc6fe332444049d921f1486f155d6b80474af6cd7e51bdf5874fd51c1b5
[INFO] [stderr] WARNING: Your kernel does not support swap limit capabilities or the cgroup is not mounted. Memory limited without swap.
[INFO] running `Command { std: "docker" "start" "-a" "6edf9dc6fe332444049d921f1486f155d6b80474af6cd7e51bdf5874fd51c1b5", kill_on_drop: false }`
[INFO] [stderr]    Compiling bitflags v1.2.1
[INFO] [stderr]     Checking unicode-width v0.1.8
[INFO] [stderr]     Checking serde v0.7.15
[INFO] [stderr]     Checking ansi_term v0.11.0
[INFO] [stderr]     Checking vec_map v0.8.2
[INFO] [stderr]     Checking quick-error v1.2.3
[INFO] [stderr]     Checking itertools v0.4.19
[INFO] [stderr]     Checking lazy_static v0.1.16
[INFO] [stderr]     Checking rustc-serialize v0.3.24
[INFO] [stderr]     Checking strsim v0.8.0
[INFO] [stderr]    Compiling num-traits v0.2.12
[INFO] [stderr]     Checking memchr v0.1.11
[INFO] [stderr]     Checking log v0.4.11
[INFO] [stderr]     Checking thread-id v2.0.0
[INFO] [stderr]     Checking atty v0.1.2
[INFO] [stderr]     Checking thread_local v0.2.7
[INFO] [stderr]     Checking aho-corasick v0.5.3
[INFO] [stderr]     Checking textwrap v0.11.0
[INFO] [stderr]     Checking log v0.3.9
[INFO] [stderr]     Checking regex v0.1.80
[INFO] [stderr]     Checking clap v2.33.3
[INFO] [stderr]     Checking num-traits v0.1.43
[INFO] [stderr]     Checking serde_json v0.7.4
[INFO] [stderr]     Checking handlebars v0.16.1
[INFO] [stdout] error[E0252]: the name `ToJson` is defined multiple times
[INFO] [stdout]  --> /opt/rustwide/cargo-home/registry/src/github.com-1ecc6299db9ec823/handlebars-0.16.1/src/registry.rs:9:5
[INFO] [stdout]   |
[INFO] [stdout] 7 | use serialize::json::ToJson;
[INFO] [stdout]   |     ----------------------- previous import of the trait `ToJson` here
[INFO] [stdout] 8 | #[cfg(feature = "serde_type")]
[INFO] [stdout] 9 | use serde::ser::Serialize as ToJson;
[INFO] [stdout]   |     ^^^^^^^^^^^^^^^^^^^^^^^^^^^^^^^ `ToJson` reimported here
[INFO] [stdout]   |
[INFO] [stdout]   = note: `ToJson` must be defined only once in the type namespace of this module
[INFO] [stdout] help: you can use `as` to change the binding name of the import
[INFO] [stdout]   |
[INFO] [stdout] 9 | use serde::ser::Serialize as OtherToJson;
[INFO] [stdout]   |     ^^^^^^^^^^^^^^^^^^^^^^^^^^^^^^^^^^^^
[INFO] [stdout] 
[INFO] [stdout] 
[INFO] [stdout] error[E0252]: the name `Json` is defined multiple times
[INFO] [stdout]   --> /opt/rustwide/cargo-home/registry/src/github.com-1ecc6299db9ec823/handlebars-0.16.1/src/render.rs:10:5
[INFO] [stdout]    |
[INFO] [stdout] 8  | use serialize::json::Json;
[INFO] [stdout]    |     --------------------- previous import of the type `Json` here
[INFO] [stdout] 9  | #[cfg(feature = "serde_type")]
[INFO] [stdout] 10 | use serde_json::value::Value as Json;
[INFO] [stdout]    |     ^^^^^^^^^^^^^^^^^^^^^^^^^^^^^^^^ `Json` reimported here
[INFO] [stdout]    |
[INFO] [stdout]    = note: `Json` must be defined only once in the type namespace of this module
[INFO] [stdout] help: you can use `as` to change the binding name of the import
[INFO] [stdout]    |
[INFO] [stdout] 10 | use serde_json::value::Value as OtherJson;
[INFO] [stdout]    |     ^^^^^^^^^^^^^^^^^^^^^^^^^^^^^^^^^^^^^
[INFO] [stdout] 
[INFO] [stdout] 
[INFO] [stdout] error[E0252]: the name `Json` is defined multiple times
[INFO] [stdout]  --> /opt/rustwide/cargo-home/registry/src/github.com-1ecc6299db9ec823/handlebars-0.16.1/src/helpers/helper_each.rs:4:31
[INFO] [stdout]   |
[INFO] [stdout] 2 | use serialize::json::{Json, ToJson};
[INFO] [stdout]   |                       ---- previous import of the type `Json` here
[INFO] [stdout] 3 | #[cfg(feature = "serde_type")]
[INFO] [stdout] 4 | use serde_json::value::{self, Value as Json};
[INFO] [stdout]   |                               ^^^^^^^^^^^^^ `Json` reimported here
[INFO] [stdout]   |
[INFO] [stdout]   = note: `Json` must be defined only once in the type namespace of this module
[INFO] [stdout] help: you can use `as` to change the binding name of the import
[INFO] [stdout]   |
[INFO] [stdout] 4 | use serde_json::value::{self, Value as OtherJson};
[INFO] [stdout]   |                               ^^^^^^^^^^^^^^^^^^
[INFO] [stdout] 
[INFO] [stdout] 
[INFO] [stdout] error[E0252]: the name `Json` is defined multiple times
[INFO] [stdout]  --> /opt/rustwide/cargo-home/registry/src/github.com-1ecc6299db9ec823/handlebars-0.16.1/src/context.rs:7:31
[INFO] [stdout]   |
[INFO] [stdout] 2 | use serialize::json::{Json, ToJson};
[INFO] [stdout]   |                       ---- previous import of the type `Json` here
[INFO] [stdout] ...
[INFO] [stdout] 7 | use serde_json::value::{self, Value as Json};
[INFO] [stdout]   |                               ^^^^^^^^^^^^^ `Json` reimported here
[INFO] [stdout]   |
[INFO] [stdout]   = note: `Json` must be defined only once in the type namespace of this module
[INFO] [stdout] help: you can use `as` to change the binding name of the import
[INFO] [stdout]   |
[INFO] [stdout] 7 | use serde_json::value::{self, Value as OtherJson};
[INFO] [stdout]   |                               ^^^^^^^^^^^^^^^^^^
[INFO] [stdout] 
[INFO] [stdout] 
[INFO] [stdout] error[E0201]: duplicate definitions with name `call`:
[INFO] [stdout]    --> /opt/rustwide/cargo-home/registry/src/github.com-1ecc6299db9ec823/handlebars-0.16.1/src/helpers/helper_each.rs:80:5
[INFO] [stdout]     |
[INFO] [stdout] 17  | /     fn call(&self,
[INFO] [stdout] 18  | |             c: &Context,
[INFO] [stdout] 19  | |             h: &Helper,
[INFO] [stdout] 20  | |             r: &Registry,
[INFO] [stdout] ...   |
[INFO] [stdout] 76  | |         }
[INFO] [stdout] 77  | |     }
[INFO] [stdout]     | |_____- previous definition of `call` here
[INFO] [stdout] ...
[INFO] [stdout] 80  | /     fn call(&self,
[INFO] [stdout] 81  | |             c: &Context,
[INFO] [stdout] 82  | |             h: &Helper,
[INFO] [stdout] 83  | |             r: &Registry,
[INFO] [stdout] ...   |
[INFO] [stdout] 139 | |         }
[INFO] [stdout] 140 | |     }
[INFO] [stdout]     | |_____^ duplicate definition
[INFO] [stdout] 
[INFO] [stdout] 
[INFO] [stdout] error[E0201]: duplicate definitions with name `wraps`:
[INFO] [stdout]   --> /opt/rustwide/cargo-home/registry/src/github.com-1ecc6299db9ec823/handlebars-0.16.1/src/context.rs:79:5
[INFO] [stdout]    |
[INFO] [stdout] 73 | /     pub fn wraps<T: ToJson>(e: &T) -> Context {
[INFO] [stdout] 74 | |         Context { data: e.to_json() }
[INFO] [stdout] 75 | |     }
[INFO] [stdout]    | |_____- previous definition of `wraps` here
[INFO] [stdout] ...
[INFO] [stdout] 79 | /     pub fn wraps<T: Serialize>(e: &T) -> Context {
[INFO] [stdout] 80 | |         Context { data: value::to_value(e) }
[INFO] [stdout] 81 | |     }
[INFO] [stdout]    | |_____^ duplicate definition
[INFO] [stdout] 
[INFO] [stdout] 
[INFO] [stdout] error: aborting due to 6 previous errors
[INFO] [stdout] 
[INFO] [stdout] 
[INFO] [stdout] Some errors have detailed explanations: E0201, E0252.
[INFO] [stdout] 
[INFO] [stdout] For more information about an error, try `rustc --explain E0201`.
[INFO] [stdout] 
[INFO] [stderr] error: could not compile `handlebars`.
[INFO] [stderr] 
[INFO] [stderr] To learn more, run the command again with --verbose.
[INFO] [stderr] warning: build failed, waiting for other jobs to finish...
[INFO] [stderr] error: build failed
[INFO] running `Command { std: "docker" "inspect" "6edf9dc6fe332444049d921f1486f155d6b80474af6cd7e51bdf5874fd51c1b5", kill_on_drop: false }`
[INFO] running `Command { std: "docker" "rm" "-f" "6edf9dc6fe332444049d921f1486f155d6b80474af6cd7e51bdf5874fd51c1b5", kill_on_drop: false }`
[INFO] [stdout] 6edf9dc6fe332444049d921f1486f155d6b80474af6cd7e51bdf5874fd51c1b5
